the highest common factor of 1069579 and 2303?
329
What is the highest common divisor of 9099519 and 429?
429
What is the greatest common factor of 17739 and 35697?
219
Calculate the greatest common divisor of 301752 and 3256.
88
What is the highest common factor of 15126 and 15?
3
Calculate the highest common factor of 1230 and 78146.
82
Calculate the highest common divisor of 7493873 and 1873.
1873
Calculate the greatest common divisor of 160836 and 442.
26
Calculate the greatest common factor of 544 and 8194.
34
Calculate the highest common divisor of 168 and 74004.
84
What is the greatest common factor of 79 and 436949?
79
What is the greatest common factor of 496 and 1209?
31
What is the greatest common divisor of 1160 and 1320080?
1160
Calculate the greatest common factor of 31 and 3610973.
31
Calculate the greatest common factor of 734526 and 13.
13
Calculate the highest common factor of 10707 and 5146.
83
What is the highest common factor of 286 and 48?
2
What is the greatest common divisor of 2185 and 736?
23
Calculate the highest common divisor of 5955 and 690.
15
Calculate the greatest common divisor of 704 and 516472.
88
Calculate the greatest common factor of 526425 and 175.
25
Calculate the highest common factor of 159012 and 72.
36
Calculate the highest common divisor of 1497 and 4.
1
Calculate the highest common divisor of 62381 and 22.
11
What is the highest common factor of 38 and 314?
2
Calculate the highest common divisor of 7061592 and 118.
118
What is the greatest common divisor of 224 and 58272?
32
Calculate the greatest common divisor of 8 and 120024.
8
Calculate the greatest common divisor of 13 and 569127.
13
Calculate the greatest common divisor of 2368 and 63788.
148
What is the highest common divisor of 149632 and 63616?
896
Calculate the highest common factor of 191156 and 868.
28
What is the highest common divisor of 26588 and 759?
23
Calculate the greatest common factor of 115479 and 10647.
819
Calculate the highest common divisor of 5454 and 2587014.
1818
Calculate the highest common factor of 24820 and 163370.
170
What is the highest common factor of 17138 and 24662?
418
What is the greatest common factor of 317528 and 1064?
152
Calculate the highest common factor of 2870 and 2030.
70
Calculate the highest common divisor of 168500 and 60.
20
Calculate the highest common factor of 34126 and 74128.
226
Calculate the highest common factor of 460 and 103684.
92
What is the greatest common factor of 2904 and 1032?
24
Calculate the highest common divisor of 70965 and 76.
19
Calculate the greatest common divisor of 33570 and 45.
45
What is the greatest common divisor of 365 and 1464745?
365
Calculate the highest common divisor of 23176 and 64.
8
What is the highest common divisor of 3078 and 954522?
342
Calculate the highest common divisor of 1407 and 38927.
469
Calculate the greatest common divisor of 27 and 6354.
9
Calculate the greatest common factor of 24831 and 285156.
801
What is the greatest common divisor of 1110340 and 3773?
539
What is the greatest common factor of 707081 and 68?
17
Calculate the highest common divisor of 2535696 and 384.
48
Calculate the highest common factor of 901 and 27401.
53
What is the highest common factor of 1630 and 1793?
163
Calculate the greatest common divisor of 2112 and 462.
66
Calculate the greatest common divisor of 130 and 17914.
26
Calculate the highest common factor of 34572 and 473.
43
What is the greatest common factor of 15 and 152265?
15
Calculate the greatest common factor of 1649 and 629.
17
What is the greatest common factor of 102 and 24?
6
Calculate the greatest common factor of 88631 and 337.
337
What is the highest common factor of 3460 and 40?
20
What is the highest common divisor of 600 and 105150?
150
What is the greatest common factor of 1011 and 304311?
1011
Calculate the highest common factor of 163152 and 254616.
2472
What is the highest common factor of 3152 and 22261?
197
What is the highest common factor of 1855 and 10139430?
1855
Calculate the highest common factor of 76 and 3173.
19
What is the greatest common factor of 359288 and 16?
8
What is the highest common divisor of 1420759 and 388?
97
What is the greatest common divisor of 21899 and 915?
61
What is the greatest common factor of 950 and 13350?
50
What is the greatest common factor of 80 and 114992?
16
What is the greatest common divisor of 17 and 288643?
17
Calculate the greatest common divisor of 23392 and 90128.
688
Calculate the highest common divisor of 265 and 39803.
53
What is the highest common divisor of 582414 and 28?
14
Calculate the greatest common factor of 303 and 122715.
303
What is the highest common divisor of 232 and 1944?
8
What is the highest common divisor of 668572 and 5054?
722
Calculate the highest common factor of 222 and 68709.
111
Calculate the highest common divisor of 10712 and 312.
104
Calculate the greatest common factor of 350 and 42600.
50
What is the highest common divisor of 5949342 and 378?
378
Calculate the greatest common factor of 1575 and 399525.
525
Calculate the highest common factor of 64 and 392640.
64
Calculate the highest common factor of 1775 and 85910.
355
Calculate the highest common divisor of 1608 and 26599.
67
Calculate the greatest common factor of 242160 and 480.
240
What is the greatest common divisor of 8878 and 2300?
46
Calculate the highest common divisor of 1807 and 71585.
139
What is the greatest common divisor of 110 and 160138?
22
What is the highest common divisor of 7925 and 1925?
25
What is the greatest common factor of 1497 and 723?
3
What is the greatest common factor of 31229 and 18139?
187
Calculate the highest common divisor of 11826 and 353466.
1314
What is the greatest common divisor of 6 and 1706?
2
Calculate the greatest common divisor of 90 and 45250.
10
Calculate the highest common factor of 117132 and 2064.
516
Calculate the highest common divisor of 1918 and 1526.
14
What is the highest common divisor of 3087 and 22455?
9
What is the greatest common divisor of 27671 and 7847?
413
What is the highest common divisor of 13806 and 4212?
234
What is the greatest common factor of 75 and 36775?
25
What is the greatest common divisor of 886 and 3957319?
443
Calculate the greatest common factor of 46 and 1156693.
23
What is the highest common divisor of 120 and 330592?
8
Calculate the greatest common divisor of 2421 and 2007816.
807
Calculate the highest common factor of 77735 and 175.
35
Calculate the greatest common divisor of 32 and 63696.
16
Calculate the greatest common divisor of 7208 and 216.
8
Calculate the highest common factor of 1539 and 7068.
57
Calculate the highest common divisor of 139438 and 169.
13
What is the greatest common divisor of 19818 and 3670?
734
Calculate the highest common divisor of 288 and 63.
9
What is the highest common factor of 356 and 863300?
356
What is the highest common divisor of 533 and 3640?
13
What is the greatest common factor of 765 and 1125?
45
Calculate the highest common factor of 40 and 4790.
10
Calculate the greatest common factor of 17745425 and 25.
25
What is the highest common factor of 30987294 and 1326?
1326
Calculate the greatest common divisor of 12006 and 70992.
522
Calculate the greatest common factor of 82215 and 756.
189
Calculate the greatest common factor of 224786 and 142.
142
Calculate the highest common factor of 111 and 15.
3
What is the highest common divisor of 3962 and 46978?
566
What is the greatest common factor of 1965 and 716439?
393
Calculate the greatest common divisor of 30966 and 3120.
78
Calculate the highest common divisor of 517 and 100540.
11
What is the greatest common factor of 34804 and 20566?
1582
Calculate the greatest common divisor of 224 and 10262.
14
Calculate the greatest common factor of 41 and 1472064.
41
What is the greatest common factor of 7407 and 99?
9
Calculate the greatest common divisor of 523716 and 152.
76
Calculate the greatest common factor of 5117280 and 1523.
1523
What is the highest common divisor of 4603 and 101?
1
Calculate the greatest common factor of 325 and 187265.
65
Calculate the greatest common divisor of 3525 and 50.
25
What is the greatest common divisor of 6875 and 7125?
125
What is the greatest comm